{"id":33,"date":"2021-07-26T11:31:33","date_gmt":"2021-07-26T11:31:33","guid":{"rendered":"https:\/\/eyefitturkey.com\/?page_id=33"},"modified":"2021-07-27T12:09:00","modified_gmt":"2021-07-27T12:09:00","slug":"goz-egzersizleri","status":"publish","type":"page","link":"https:\/\/eyefitturkey.com\/?page_id=33","title":{"rendered":"Eyefit G\u00f6z Egzersizleri"},"content":{"rendered":"<p>EYE FIT bir mucize de\u011fil, sonu\u00e7lar\u0131 ispatlanm\u0131\u015f egzersiz program\u0131d\u0131r. Pek \u00e7ok farkl\u0131 malzeme, e\u011flenceli ve yarat\u0131c\u0131 teknik ve y\u00f6ntemle sa\u011fl\u0131kl\u0131 g\u00f6r\u00fc\u015f\u00fcn\u00fcz\u00fc geri kazan\u0131n. E\u011fitimde mutluluktan \u00e7\u0131\u011fl\u0131k atmak serbest!<\/p>\n<p>Astigmat, Miyop, Hipermetrop, Presbiyopya (Ya\u015fl\u0131l\u0131k hipermetropu)G\u00f6z tembelli\u011fi, \u015ea\u015f\u0131l\u0131k, \u015eehlal\u0131k gibi pek \u00e7ok g\u00f6z rahats\u0131zl\u0131\u011f\u0131ndan kurtulman\u0131z m\u00fcmk\u00fcn.<\/p>\n<p>Dr. William Bates ve optik d\u00fcnyas\u0131n\u0131n \u00f6nc\u00fcl\u00fc bilim insanlar\u0131 taraf\u0131ndan 19. y\u00fczy\u0131l\u0131n son \u00e7eyre\u011finden beri uygulanmaktad\u0131r. \u0130ngiltere, ABD, Hindistan, Tibet, Rusya, \u00d6zbekistan gibi pek \u00e7ok \u00fclkede farkl\u0131 egzersizlerle g\u00f6rme kusurlar\u0131 iyile\u015ftirilebilmektedir.<\/p>\n<p>T\u00fcrkiye\u2019de konu ile ilgili hi\u00e7bir yay\u0131n olmamas\u0131na ra\u011fmen d\u00fcnya genelinde binlerce kitap, e\u011fitim program\u0131 ve video e\u011fitimleri mevcuttur.<\/p>\n<p><strong>G\u00d6ZL\u00dcK KULLANMAK ZORUNDA DE\u011e\u0130LS\u0130N\u0130Z!<\/strong><br \/>\nG\u00f6z, \u00e7ok h\u0131zl\u0131 uyum sa\u011flayan bir organd\u0131r. Lensler ve g\u00f6zl\u00fckler ise birer protezdir. V\u00fccudunuz ka\u00e7 ya\u015f\u0131nda olursan\u0131z olun bu protezlere inan\u0131lmaz bir h\u0131zla uyum sa\u011flar.<\/p>\n<p>E\u011fitim esnas\u0131nda kendiniz de g\u00f6r\u00fc\u015f\u00fcn\u00fcz\u00fcn d\u00fczeldi\u011fini fark edeceksiniz. Size \u00f6\u011fretilmi\u015f teknikleri haftada 3 kez uygulay\u0131n g\u00f6zl\u00fck ve lens esaretinden birka\u00e7 ay i\u00e7inde tamamen kurtulun.<\/p>\n<p>\u2022 Ameliyat \u00e7\u00f6z\u00fcmse g\u00f6z doktorlar\u0131 neden hala g\u00f6zl\u00fck tak\u0131yor?<br \/>\n\u2022 Neden kendilerine re\u00e7ete edilmi\u015f g\u00f6zl\u00fckleri takmayanlar\u0131n g\u00f6rmeleri g\u00f6zl\u00fck ya da lens takanlardan daha iyi?<br \/>\n\u2022 G\u00f6zl\u00fcklerinizi kaybetseniz hayat\u0131n\u0131z nas\u0131l etkileniyor?<\/p>\n<p>&nbsp;<\/p>\n","protected":false},"excerpt":{"rendered":"<p>EYE FIT bir mucize de\u011fil, sonu\u00e7lar\u0131 ispatlanm\u0131\u015f egzersiz program\u0131d\u0131r. Pek \u00e7ok farkl\u0131 malzeme, e\u011flenceli ve yarat\u0131c\u0131 teknik ve y\u00f6ntemle sa\u011fl\u0131kl\u0131 g\u00f6r\u00fc\u015f\u00fcn\u00fcz\u00fc geri kazan\u0131n. E\u011fitimde mutluluktan \u00e7\u0131\u011fl\u0131k atmak serbest! Astigmat, Miyop, Hipermetrop, Presbiyopya (Ya\u015fl\u0131l\u0131k hipermetropu)G\u00f6z tembelli\u011fi, \u015ea\u015f\u0131l\u0131k, \u015eehlal\u0131k gibi pek \u00e7ok g\u00f6z rahats\u0131zl\u0131\u011f\u0131ndan kurtulman\u0131z m\u00fcmk\u00fcn. Dr. William Bates ve optik d\u00fcnyas\u0131n\u0131n \u00f6nc\u00fcl\u00fc bilim insanlar\u0131 taraf\u0131ndan 19. y\u00fczy\u0131l\u0131n son \u00e7eyre\u011finden beri uygulanmaktad\u0131r. \u0130ngiltere, ABD, Hindistan, Tibet, Rusya, \u00d6zbekistan gibi pek \u00e7ok \u00fclkede farkl\u0131 egzersizlerle g\u00f6rme kusurlar\u0131 iyile\u015ftirilebilmektedir. T\u00fcrkiye\u2019de konu ile ilgili hi\u00e7bir yay\u0131n olmamas\u0131na ra\u011fmen d\u00fcnya genelinde binlerce kitap, e\u011fitim program\u0131 ve video e\u011fitimleri mevcuttur. G\u00d6ZL\u00dcK KULLANMAK ZORUNDA DE\u011e\u0130LS\u0130N\u0130Z! G\u00f6z, \u00e7ok h\u0131zl\u0131 uyum sa\u011flayan bir organd\u0131r. Lensler ve g\u00f6zl\u00fckler ise birer protezdir. V\u00fccudunuz ka\u00e7 ya\u015f\u0131nda olursan\u0131z olun bu protezlere inan\u0131lmaz bir h\u0131zla uyum sa\u011flar. E\u011fitim esnas\u0131nda kendiniz de g\u00f6r\u00fc\u015f\u00fcn\u00fcz\u00fcn d\u00fczeldi\u011fini fark edeceksiniz. Size \u00f6\u011fretilmi\u015f teknikleri haftada 3 kez uygulay\u0131n g\u00f6zl\u00fck ve lens esaretinden birka\u00e7 ay i\u00e7inde tamamen kurtulun. \u2022 Ameliyat \u00e7\u00f6z\u00fcmse g\u00f6z doktorlar\u0131 neden hala g\u00f6zl\u00fck tak\u0131yor? \u2022 Neden kendilerine re\u00e7ete edilmi\u015f g\u00f6zl\u00fckleri takmayanlar\u0131n g\u00f6rmeleri g\u00f6zl\u00fck ya da lens takanlardan daha iyi? \u2022 G\u00f6zl\u00fcklerinizi kaybetseniz hayat\u0131n\u0131z nas\u0131l etkileniyor? &nbsp;<\/p>\n","protected":false},"author":1,"featured_media":0,"parent":0,"menu_order":0,"comment_status":"closed","ping_status":"closed","template":"","meta":{"footnotes":""},"class_list":["post-33","page","type-page","status-publish","hentry"],"_links":{"self":[{"href":"https:\/\/eyefitturkey.com\/index.php?rest_route=\/wp\/v2\/pages\/33","targetHints":{"allow":["GET"]}}],"collection":[{"href":"https:\/\/eyefitturkey.com\/index.php?rest_route=\/wp\/v2\/pages"}],"about":[{"href":"https:\/\/eyefitturkey.com\/index.php?rest_route=\/wp\/v2\/types\/page"}],"author":[{"embeddable":true,"href":"https:\/\/eyefitturkey.com\/index.php?rest_route=\/wp\/v2\/users\/1"}],"replies":[{"embeddable":true,"href":"https:\/\/eyefitturkey.com\/index.php?rest_route=%2Fwp%2Fv2%2Fcomments&post=33"}],"version-history":[{"count":3,"href":"https:\/\/eyefitturkey.com\/index.php?rest_route=\/wp\/v2\/pages\/33\/revisions"}],"predecessor-version":[{"id":151,"href":"https:\/\/eyefitturkey.com\/index.php?rest_route=\/wp\/v2\/pages\/33\/revisions\/151"}],"wp:attachment":[{"href":"https:\/\/eyefitturkey.com\/index.php?rest_route=%2Fwp%2Fv2%2Fmedia&parent=33"}],"curies":[{"name":"wp","href":"https:\/\/api.w.org\/{rel}","templated":true}]}}