{"id":144,"date":"2021-07-27T11:27:53","date_gmt":"2021-07-27T11:27:53","guid":{"rendered":"https:\/\/eyefitturkey.com\/?page_id=144"},"modified":"2021-07-27T11:27:53","modified_gmt":"2021-07-27T11:27:53","slug":"iletisim","status":"publish","type":"page","link":"https:\/\/eyefitturkey.com\/?page_id=144","title":{"rendered":"\u0130leti\u015fim"},"content":{"rendered":"<p>Bize ula\u015fmak ve soru sormak i\u00e7in l\u00fctfen <a href=\"mailto:info@eyekit.com.tr\">info@eyekit.com.tr<\/a> adresine eposta g\u00f6nderiniz. L\u00fctfen \u00f6nce sorular\u0131n\u0131z i\u00e7in sayfam\u0131z\u0131 inceleyin.<\/p>\n<p>\u0130kinci bir se\u00e7enek de +90 533 513 15 88 nolu telefona whatsapp mesaj\u0131 yoluyla ula\u015fman\u0131zd\u0131r.<\/p>\n<p>Sabit telefon numaram\u0131z +90 216 346 54 23<\/p>\n<p>Eyekit g\u00f6z egzersizi setlerine ula\u015fmak ve sat\u0131n almak i\u00e7in <a href=\"https:\/\/eyekit.com.tr\">buraya t\u0131klay\u0131n\u0131z.<\/a><\/p>\n<p>&nbsp;<\/p>\n","protected":false},"excerpt":{"rendered":"<p>Bize ula\u015fmak ve soru sormak i\u00e7in l\u00fctfen info@eyekit.com.tr adresine eposta g\u00f6nderiniz. L\u00fctfen \u00f6nce sorular\u0131n\u0131z i\u00e7in sayfam\u0131z\u0131 inceleyin. \u0130kinci bir se\u00e7enek de +90 533 513 15 88 nolu telefona whatsapp mesaj\u0131 yoluyla ula\u015fman\u0131zd\u0131r. Sabit telefon numaram\u0131z +90 216 346 54 23 Eyekit g\u00f6z egzersizi setlerine ula\u015fmak ve sat\u0131n almak i\u00e7in buraya t\u0131klay\u0131n\u0131z. &nbsp;<\/p>\n","protected":false},"author":1,"featured_media":0,"parent":0,"menu_order":0,"comment_status":"closed","ping_status":"closed","template":"","meta":{"footnotes":""},"class_list":["post-144","page","type-page","status-publish","hentry"],"_links":{"self":[{"href":"https:\/\/eyefitturkey.com\/index.php?rest_route=\/wp\/v2\/pages\/144","targetHints":{"allow":["GET"]}}],"collection":[{"href":"https:\/\/eyefitturkey.com\/index.php?rest_route=\/wp\/v2\/pages"}],"about":[{"href":"https:\/\/eyefitturkey.com\/index.php?rest_route=\/wp\/v2\/types\/page"}],"author":[{"embeddable":true,"href":"https:\/\/eyefitturkey.com\/index.php?rest_route=\/wp\/v2\/users\/1"}],"replies":[{"embeddable":true,"href":"https:\/\/eyefitturkey.com\/index.php?rest_route=%2Fwp%2Fv2%2Fcomments&post=144"}],"version-history":[{"count":1,"href":"https:\/\/eyefitturkey.com\/index.php?rest_route=\/wp\/v2\/pages\/144\/revisions"}],"predecessor-version":[{"id":145,"href":"https:\/\/eyefitturkey.com\/index.php?rest_route=\/wp\/v2\/pages\/144\/revisions\/145"}],"wp:attachment":[{"href":"https:\/\/eyefitturkey.com\/index.php?rest_route=%2Fwp%2Fv2%2Fmedia&parent=144"}],"curies":[{"name":"wp","href":"https:\/\/api.w.org\/{rel}","templated":true}]}}